is -41c9c3 + 65?
-41c95b
In base 14, what is -adc + 7ca5?
71a7
In base 13, what is 683 - -c86?
1639
In base 6, what is -5403452 + 1?
-5403451
In base 2, what is 111101110 + -1111111001111000000?
-1111111000111010010
In base 8, what is -77 + 2221733?
2221634
In base 12, what is 20 - -16b598?
16b5b8
In base 9, what is 152 - -22257?
22420
In base 6, what is 123001512 - 4?
123001504
In base 16, what is -88 - -8555?
84cd
In base 14, what is -17ba8d + -11?
-17baa0
In base 13, what is 26c2b4 + -7?
26c2aa
In base 2, what is -10000011100100 - 10001110010?
-10010101010110
In base 10, what is -916 - -7826?
6910
In base 10, what is 163172 + 26?
163198
In base 7, what is -3030031 + -24?
-3030055
In base 9, what is 71 - 2536683?
-2536612
In base 16, what is b9 + af0d?
afc6
In base 8, what is 71 - 501010?
-500717
In base 13, what is 431 + -38944?
-38513
In base 3, what is 111121 - 20000122101?
-20000010210
In base 11, what is 220489 + -7?
220482
In base 4, what is -220102300203130 - -1?
-220102300203123
In base 15, what is -12 - -970dd4?
970dc2
In base 10, what is 34 + 47701?
47735
In base 10, what is -698671 - -467?
-698204
In base 16, what is 13a7 - -193d4?
1a77b
In base 15, what is -570b7 + -7a?
-57142
In base 14, what is -c419 - -1c7?
-c232
In base 3, what is -211020 - 1212210120112?
-1212211101202
In base 8, what is -1 + 14050053?
14050052
In base 5, what is 43 - -1242213120?
1242213213
In base 3, what is -21 - 12020220022220?
-12020220100011
In base 16, what is 2 + -22050a?
-220508
In base 16, what is -f41a7 - -14?
-f4193
In base 16, what is 5 + -10df330?
-10df32b
In base 4, what is -3311122200 + -10?
-3311122210
In base 15, what is -a68 - -8267a?
81b12
In base 15, what is -436 - -790?
359
In base 7, what is -20 - 1443200?
-1443220
In base 8, what is 425164153 - 4?
425164147
In base 2, what is 100011110100000100010 - -1011?
100011110100000101101
In base 6, what is 5005112 + 124?
5005240
In base 11, what is -2 - 3272755?
-3272757
In base 16, what is 16b14 - -613?
17127
In base 6, what is 5232 - -1023235?
1032511
In base 16, what is 746 + -2beff?
-2b7b9
In base 15, what is -44 - -1cc20d?
1cc1b9
In base 16, what is 4 + -bd0d5a?
-bd0d56
In base 16, what is 1a9533f + -29?
1a95316
In base 9, what is 341551 + 2025?
343576
In base 11, what is 54 + -10a2a35?
-10a2991
In base 3, what is 212022002202222 + 11?
212022002210010
In base 8, what is -2 + -2241736530?
-2241736532
In base 16, what is 11c3a908 - 4?
11c3a904
In base 8, what is -1 + 26171665?
26171664
In base 9, what is -820347 + 4?
-820343
In base 11, what is 10634 + -2911a?
-18596
In base 6, what is -2133052134 + -25?
-2133052203
In base 12, what is -3705 + 811?
-2ab4
In base 10, what is 1 + -35222796?
-35222795
In base 9, what is 14080352 - 5?
14080346
In base 2, what is 101001001011001 - 101110000?
101000011101001
In base 10, what is -150 + 38944?
38794
In base 16, what is 8 - -4913d?
49145
In base 6, what is -543201 + -1140?
-544341
In base 15, what is -a20e93 - -2?
-a20e91
In base 4, what is 12 + 23301132333?
23301133011
In base 15, what is 1da5610 - -27?
1da5637
In base 11, what is -9 + 395919?
395910
In base 14, what is -864812 + -2?
-864814
In base 16, what is 1a8 - f8?
b0
In base 13, what is 395b9a + -3?
395b97
In base 10, what is 1971924 + 5?
1971929
In base 6, what is -1211210215 + -11?
-1211210230
In base 11, what is 43a1 + -1603?
2899
In base 15, what is 0 - -e2ace?
e2ace
In base 6, what is 4043 + -31425154?
-31421111
In base 16, what is 3c360 + 26?
3c386
In base 6, what is 12242 + -4221?
4021
In base 14, what is d - -78059?
78068
In base 8, what is -2421152 - -14?
-2421136
In base 5, what is -323422 + 333?
-323034
In base 5, what is -3323304 - -3230?
-3320024
In base 9, what is 53 - 363458?
-363405
In base 7, what is -53 - 15341043?
-15341126
In base 5, what is 132342341 + -21102?
132321234
In base 11, what is 2895 + -2307?
589
In base 15, what is 136b0c8 - 1?
136b0c7
In base 2, what is 11000101101100100000101001 + 0?
11000101101100100000101001
In base 8, what is -13521041 - 115?
-13521156
In base 14, what is 3 + 21b0207?
21b020a
In base 2, what is -101101 - 1100101100011111?
-1100101101001100
In base 16, what is 2ec28 + 241?
2ee69
In base 12, what is 13 + 8213a54?
8213a67
In base 6, what is 2144 - 10501?
-4313
In base 6, what is -1 + 21501155?
21501154
In base 3, what is 102100010220200 - 222?
102100010212201
In base 2, what is 1100 + -10101110101000110?
-10101110100111010
In base 10, what is -33687 + 357?
-33330
In base 2, what is -10010 + -1001111110111101000100000?
-1001111110111101000110010
In base 4, what is -223200 - 3032010?
-3321210
In base 16, what is 6a8b8 + -308?
6a5b0
In base 11, what is -1868154 + 1?
-1868153
In base 16, what is -5e + abc2?
ab64
In base 15, what is 3 - e4327b?
-e43278
In base 6, what is 44355 + -223552?
-135153
In base 15, what is 0 + -827499?
-827499
In base 13, what is 4c - 375076?
-375027
In base 12, what is 3b070 + 3416?
42486
In base 11, what is 5045750 - -3?
5045753
In base 15, what is -4e7bc1 + -2?
-4e7bc3
In base 4, what is 1330030 - -201001302?
202331332
In base 11, what is -179a89 + 67?
-179a22
In base 5, what is 14304212 - -114?
14304331
In base 8, what is 4 + -14067161?
-14067155
In base 13, what is 425a5b9 - 5?
425a5b4
In base 7, what is -1 - 120560?
-120561
In base 15, what is -7 + -2511a5?
-2511ac
In base 3, what is 0 - 2001100021111102?
-2001100021111102
In base 14, what is -1a + c242d?
c2413
In base 8, what is -122171477 - -1?
-122171476
In base 7, what is 400116603 - -1?
400116604
In base 9, what is -303545444 - -5?
-303545438
In base 10, what is -5564 + 3499?
-2065
In base 13, what is 21ac6629 + -1?
21ac6628
In base 15, what is -15ae + 1406?
-1a8
In base 5, what is 242440112 - -10401?
243001013
In base 2, what is 11110110100111001 - 10111110?
11110110001111011
In base 7, what is -3002 + -534245?
-540250
In base 15, what is 2ab77 - -43e?
2b0b6
In base 9, what is -5 - 26788158?
-26788164
In base 6, what is 542503 - 101?
542402
In base 12, what is a + -190633?
-190625
In base 2, what is 1000000100 - 1001110100101100001?
-1001110011101011101
In base 4, what is 1111011 - -320001?
2031012
In base 2, what is 1000111010 + 1110111001110011?
1111000010101101
In base 9, what is 210264416 - -2?
210264418
In base 7, what is -23111062 + 10?
-23111052
In base 16, what is 6b87ab - 3?
6b87a8
In base 16, what is 13536 + -86?
134b0
In base 4, what is 130 + -110002330100?
-110002323310
In base 10, what is -8239 + -6268?
-14507
In base 11, what is -13 - -309621?
309609
In base 3, what is 10011001111022 - 201?
10011001110121
In base 15, what is -2bc9 - -4c5?
-2704
In base 12, what is 5 - 1ba29a9?
-1ba29a4
In base 3, what is -11 - -2022211012122?
2022211012111
In base 16, what is 6e84 - f?
6e75
In base 12, what is -142 - bb6?
-1138
In base 11, what is 2 - 6a968697?
-6a968695
In base 8, what is 4600506653 - -4?
4600506657
In base 15, what is 1283 + 6879?
7b0c
In base 16, what is -10 - -ffe0dd?
ffe0cd
In base 6, what is 422 + 21130341?
21131203
In base 14, what is 18a4c18 - -1?
18a4c19
In base 6, what is -4 + 1101444242?
1101444234
In base 4, what is 1003301 + 213010?
1222311
In base 14, what is 103bc - -17?
103d5
In base 2, what is 110 + 10001101001101000?
10001101001101110
In base 11, what is -213 - -362a?
3417
In base 2, what is 1000 - 1010100111101111011111011111?
-1010100111101111011111010111
In base 4, what is -13 + -1123220220?
-1123220233
In base 6, what is -52443 - 132412?
-225255
In base 4, what is -1010303200 - 2?
-1010303202
In base 12, what is -105 - 20b37?
-21040
In base 6, what is 54 - 211042?
-210544
In base 9, what is -2 + 28240461?
28240458
In base 14, what is 14d8b9 - 783?
14d136
In base 6, what is -5 - 24051450412?
-24051450421
In base 15, what is 1660 - -bdc8?
d538
In base 12, what is -73616a7 + -4?
-73616ab
In base 6, what is -2144525025 - 2?
-2144525031
In base 5, what is -2224304124 - -120?
-2224304004
In base 5, what is -1344330410 + 3?
-1344330402
In base 8, what is 105347 - 6060?
77267
In base 12, what is 70ab7 + -b6?
70a01
In base 10, what is -1 + -2583028?
-2583029
In base 15, what is -2a9 + 1a70?
17b6
In base 6, what is -3 + -2544210003?
-2544210010
In base 2, what is 111001111011010 + 100110011101?
111110101110111
In base 7, what is